alculate the greatest common factor of t and x.
4
Let x(y) = y**3 + 7*y**2 + 7*y + 4. Let b be x(-4). Suppose 2*z - b = z. Let k be ((-124)/20 - -5)*-5. Calculate the greatest common divisor of z and k.
6
Suppose 6*h - 150 = 90. Let d be (-20)/6*(0 - 3). What is the highest common factor of d and h?
10
Suppose s = h - 9, -h - s = -4*h + 25. What is the greatest common divisor of 16 and h?
8
Suppose -5*d + 3*d = -14. What is the highest common divisor of d and 1?
1
Let n = 1 - 2. Let f = n - -2. Calculate the greatest common divisor of 8 and f.
1
Suppose -896 = -h - 15*h. Let i(q) = 2*q + 4. Let o be i(5). Calculate the greatest common factor of h and o.
14
Let j(o) = -o**2 - 6*o + 2. Let g be j(-6). Suppose 3*a = 2*c + 31, g*a - 5*c + 10 = 27. Let r = -49 + 82. Calculate the highest common divisor of a and r.
11
Let w = 39 - 15. Calculate the greatest common divisor of 3 and w.
3
Let u be -26*3/(-6)*1. Suppose 0 = -3*f + b - 1, f + 0*f + 3*b - u = 0. Let l be 3 - (f - 21/1). Calculate the highest common divisor of l and 138.
23
Let r(i) = -2*i**2 + 17*i + 7. Let s(w) = -3*w**2 + 25*w + 11. Let h(b) = -7*r(b) + 5*s(b). Let o be h(5). Calculate the greatest common divisor of o and 11.
11
Let k(n) = -n**3 + 8*n**2 - n - 4. Let b be k(8). Let g = 84 + b. Calculate the highest common divisor of g and 9.
9
Suppose -6*o + 2*o = -24. Suppose -v + 1 + 1 = 0, -5*d - 3*v = -o. Suppose d*m = -m + 220. Calculate the greatest common divisor of 20 and m.
20
Suppose -273 - 39 = -4*d. What is the greatest common factor of 13 and d?
13
Suppose -4*c + 1 = -15. Suppose 5*j = c*l + 59, 4 = 3*j - 5*l - 21. Suppose -81 - j = -4*k. What is the greatest common factor of k and 8?
8
Let r = 16 + -12. Suppose 10 = 5*p, p - 18 = -r*t + 92. Calculate the greatest common divisor of t and 27.
27
Suppose -8 - 72 = -4*p. Let x be (-12)/9*(-12)/(-4). Let f(v) = v**3 + 10*v**2 + 5*v + 4. Let s be f(x). Calculate the highest common factor of s and p.
20
Let r(p) = -5*p + p**3 + 4 - 3 - 6*p**2 + p**2. Let k be r(6). Suppose j = -2*j + 3. Calculate the greatest common factor of k and j.
1
Let k(w) = 4*w - 78. Let l be k(21). Suppose -4*x = -3*x - 2. Calculate the highest common factor of x and l.
2
Suppose -a = -4*a + 12. Suppose o + 38 = -z + a*z, -4*z + o = -51. Suppose -3*q - 3 + 42 = 0. What is the highest common divisor of z and q?
13
Let f = 3 - 3. Suppose f = z - 6*z + 280. Calculate the highest common divisor of 8 and z.
8
Suppose 28 = -4*b - 156. Suppose 0*f + 3*f = 5*n - 347, -3*n + 213 = -3*f. Let g = b + n. What is the greatest common divisor of g and 14?
7
Let p be (-1 - (3 - 5)) + -431. Let i be (p/(-3))/(2/3). Suppose 0 = -5*n - 4*c + 544, -n + c = n - i. What is the highest common factor of n and 12?
12
Let t = 8 - 15. Let r(x) = x**2 + 3*x + 2. Let v be r(t). Let z be 1 + -1*-22*2. What is the highest common divisor of v and z?
15
Let s be -2 + -2 + 1 + -2. Let q = s - -7. Suppose 3*p - w = 228, -q*w + 60 = -5*p + 439. Calculate the highest common factor of p and 7.
7
Suppose -13*l = -11*l - 102. Let x be (-18)/(-2)*(1 - 2). Let f = l + x. What is the greatest common divisor of f and 28?
14
Suppose 0 = -2*l - 2*l + 16. Suppose 34 = l*q + b, 30 = -4*q + 8*q + 3*b. Calculate the greatest common factor of q and 81.
9
Let b be ((-88)/66)/(1/(-3)). What is the highest common factor of b and 44?
4
Suppose -2*h - h = 0. Suppose h*n - 4*n = 0. Suppose -4*j + n*j - 4*b = -72, 3*b + 21 = 2*j. Calculate the highest common factor of j and 3.
3
Suppose 7*l - 3*l = 68. What is the greatest common divisor of l and 272?
17
Suppose -5*r - 3*b + 33 = -41, 0 = -4*r - b + 62. Let g be ((-128)/1)/(5/(-5)). What is the highest common factor of g and r?
16
Let j(n) be the third derivative of -n**4/12 + n**3/6 - 2*n**2. Let f be j(-4). Suppose -17 + 2 = -5*a. Calculate the greatest common factor of f and a.
3
Suppose 4 + 16 = 5*p. Suppose -2*c = 2*c - v - 3, 2*c - 3 = v. Suppose w + 3*b = 8, c = w + 5*b - p - 2. Calculate the greatest common divisor of 55 and w.
11
Suppose 0 = -5*d - m + 31, -3*d - 5*m + 22 = -m. Let s be (-6 - -10)*d/1. Let n = s + -11. Calculate the highest common factor of n and 13.
13
Let l(o) = o**3 + 5*o**2 + 4*o + 10. Let x be l(-3). Calculate the greatest common divisor of x and 128.
16
Let l = 66 - 22. Let h = -5 - -12. Suppose 1 = 2*i - h. What is the greatest common factor of l and i?
4
Let s = 241 + -145. Let j(d) = 4*d**2. Let u(g) = g - 5. Let n be u(3). Let t be j(n). What is the highest common factor of s and t?
16
Let v be ((-49)/(-14))/(2/4). Suppose -b + v = -8. Calculate the greatest common divisor of 75 and b.
15
Suppose 3*j + 3*r = 5*r + 48, j = 5*r + 16. What is the greatest common factor of 144 and j?
16
Suppose 0 = -o - 4*o + 3*m + 8, -o + m = 0. What is the greatest common divisor of o and 32?
4
Let v be 204/(-15) + 6/(-15). Let c be v/6*(-20 - 1). Calculate the greatest common factor of 7 and c.
7
Let r = -173 - -194. Calculate the highest common factor of r and 189.
21
Let y(d) = d - 10. Let c be y(11). What is the greatest common factor of c and 4?
1
Let i(r) = 8 - 3 + r**3 - 4*r - 4*r**2 + 0*r**3. Let d be i(5). What is the greatest common factor of 80 and d?
10
Let q = -24 + 51. What is the highest common factor of 3 and q?
3
Let v = 2 + 0. Suppose -w = 4*w. Suppose -t - v*t + 12 = w. Calculate the highest common divisor of 36 and t.
4
Suppose -4*b - 1 = -9. Calculate the greatest common factor of b and 10.
2
Let d = 29 + -25. Suppose -6 = 2*y - d*y. Calculate the highest common factor of 3 and y.
3
Let i = -120 + 208. Calculate the greatest common factor of i and 22.
22
Let r be (42/35)/((-1)/(-60)). Suppose m - r = -2*m. Suppose 0 = 4*f - v + 5*v - 84, 0 = -f - 4*v + 36. What is the highest common factor of m and f?
8
Suppose 3*s - 2*x + 1 = 9, -2*s - 2*x = -12. Suppose 0 = -4*p - 4, -s*i = -3*i + 3*p - 24. What is the greatest common divisor of i and 3?
3
Let m be 34/6 - (-6)/(-9). Suppose 0 = -4*p - m*t + 4, -p = 2*p - 4*t - 34. Suppose 2 = y - s, s = p*s - 15. What is the greatest common factor of 2 and y?
1
Suppose -156 = -0*s - 4*s. What is the greatest common factor of s and 312?
39
Let a(r) = -r**3 + 24. Suppose 2*x - 2*o = -o - 5, 25 = x + 5*o. Suppose x = 3*u - u. Let q be a(u). Calculate the highest common factor of 8 and q.
8
Let k(j) be the second derivative of -j**5/20 - j**4/12 - j**2 - j. Let o = -7 + 4. Let g be k(o). Calculate the highest common factor of 80 and g.
16
Let c = -64 + 121. What is the greatest common divisor of c and 38?
19
Let q(l) = 91*l**2 - 2*l - 1. Let g be q(-1). What is the greatest common factor of g and 230?
46
Let g = 45 - 20. What is the highest common divisor of g and 175?
25
Let b be (-1 - 1) + (9 - -3). Suppose 4*c + 10 = -c. Let x be c*(3 + -2)*-55. Calculate the greatest common divisor of x and b.
10
Suppose 62*s - 168 = 61*s. What is the highest common factor of s and 14?
14
Let w = 8 + -4. Suppose -2*q + 3*u = -2*u - 20, -5*q = -w*u - 67. Let l be 1/(-4) + (-181)/(-4). Calculate the greatest common factor of q and l.
15
Suppose 1 = -i + 3, 5*p - 4*i = 2. Let r be p/3 - 1057/(-21). Calculate the greatest common divisor of r and 17.
17
Suppose 5*h = 2*h. Suppose 0*i + 2*i - 18 = h. Let r be -2 - -1 - -1*i. Calculate the highest common factor of 2 and r.
2
Let r = 8 + 0. Calculate the greatest common divisor of 72 and r.
8
Let c be (4/(-5))/(2/(-5)). Suppose -7 = -u - c. Suppose u*f = 0, -4*z + 8*z = -5*f + 140. Calculate the highest common factor of z and 14.
7
Let n be (-8 + 2)/(21/(-28)). What is the highest common divisor of 8 and n?
8
Let x be (-60)/18*(-51)/2. What is the highest common divisor of 34 and x?
17
Let y be 3/((-60)/(-592))*5. Let q = y - 38. Calculate the highest common factor of 10 and q.
10
Suppose -4*d - 3*p - 1 + 3 = 0, 4*p + 10 = d. Suppose d + 8 = 5*s + 5*g, 3*g = 3*s - 6. Calculate the highest common factor of s and 18.
2
Let y(v) = 32*v**2 - v. Let d be y(-1). Suppose 2*o - 105 = d. Let n = 1335 + -1312. Calculate the highest common factor of o and n.
23
Let s(u) = -u**2 - 10*u + 33. Let j be s(-12). Calculate the highest common factor of 72 and j.
9
Let h be 284/6 + 2/3. Suppose 6*r = 3*v + 3*r + 33, v + 3*r = -19. Let i be 2 - v - (-6)/(-2). Calculate the highe